{"id":48,"date":"2026-04-26T07:12:21","date_gmt":"2026-04-26T07:12:21","guid":{"rendered":"https:\/\/greenheatscinawaspolka.com\/?post_type=product&#038;p=48"},"modified":"2026-04-26T07:12:21","modified_gmt":"2026-04-26T07:12:21","slug":"holzpellet","status":"publish","type":"product","link":"https:\/\/greenheatscinawaspolka.com\/index.php\/product\/holzpellet\/","title":{"rendered":"Holzpellet"},"content":{"rendered":"<p><strong>Beschreibung von Holzpellets 6mm<\/strong>:<br \/>\nHolzpellets 6 mm sind eine praktische, wirtschaftliche und effiziente M\u00f6glichkeit, ein Haus oder Gesch\u00e4ft mit Brennstoffen aus dem In- und Ausland zu beheizen.\u00a0<a href=\"https:\/\/en.wikipedia.org\/wiki\/Pellet_fuel\">https:\/\/en.wikipedia.org\/wiki\/Pellet_fuel<\/a><\/p>\n<p>A1 Holzpellets<br \/>\nDurchmesser: 6 mm \u2013 8 mm<br \/>\nGeringer Staubgehalt &lt;1%<br \/>\nHohe Ascheschmelztemperatur&gt; 1200 \u00b0 C<br \/>\nHergestellt aus besten unber\u00fchrten H\u00f6lzern<\/p>\n<p><strong>Hartholz vs Nadelholz Holzpellets 6mm<\/strong>:<br \/>\nHarth\u00f6lzer wie Ahorn, Eiche, Birke und Esche. Und wir alle wissen, dass Weichh\u00f6lzer wie Kiefer, Tanne und Fichte setzen.<\/p>\n<p><strong>Europ\u00e4ischer Holzpelletverbrauch<\/strong>:<br \/>\nDer Gro\u00dfteil des Verbrauchs entfiel mit 61,8% auf die W\u00e4rmeerzeugung. Der Pelletverbrauch f\u00fcr W\u00e4rme kann weiter in drei M\u00e4rkte unterteilt werden: Wohnraumw\u00e4rme (69%), Gewerbew\u00e4rme (19%) und KWK-W\u00e4rme (12%). Die restlichen 38,2% der Holzpellets wurden zur Stromerzeugung verwendet. Es ist zu beachten, dass die Technologien zur Energieerzeugung aus Pellets f\u00fcr W\u00e4rme, Strom oder beides ausgereift sind und effiziente und zuverl\u00e4ssige Prozesse bieten.<\/p>\n<p><strong>Die Vorteile von Holzpellets 6mm<\/strong>:<br \/>\nWenn Sie eine zuverl\u00e4ssige W\u00e4rmequelle erhalten, Geld sparen und zum Schutz der Umwelt beitragen m\u00f6chten, sind Biomasse-Holzpellets 6 mm eine gute Wahl. Wenn die Pellets verbrennen, setzen sie die gleiche Menge Kohlendioxid frei, die die Holzbiomasse w\u00e4hrend ihres Wachstums absorbiert, wodurch sie klimaneutral werden.<\/p>\n<p>Eine hervorragende Pelletqualit\u00e4t ist f\u00fcr einen konstanten und optimalen Heizprozess unerl\u00e4sslich. Da es unterschiedliche Brennstoffqualit\u00e4ten gibt, ist es f\u00fcr Besitzer von \u00d6fen und Heizkesseln wichtig, den Brennstoff mit der richtigen Qualit\u00e4t zu w\u00e4hlen, der am besten zu ihren Anlagen passt.<\/p>\n<p>Die Verwendung von Pellets zur W\u00e4rmeerzeugung war in der EU nach wie vor ein starker Wirtschaftszweig. Die Verwendung von Pellets zur Stromerzeugung.<\/p>\n<p>Von der Heizung bis zur Pferdehaltung: Holzpellets A1 verwendet:<br \/>\nUnsere Pellets sind ein kleines und kompaktes Produkt, das einige gro\u00dfe Herausforderungen meistert. Sie sind eine wahre Naturgewalt. Sie haben die Gr\u00f6\u00dfe eines Flaschenkorkens und sind eine energiereiche, aschearme, feuchtigkeitsarme und sauber brennende Heizquelle f\u00fcr Holzpelletheizungen und -kessel in Wohn-, Gewerbe- und industriellen Gro\u00dfheizungsanwendungen.<\/p>\n<p>Unsere Holzpellets 6mm sind auch eine nat\u00fcrliche und bequeme Wahl f\u00fcr die Einstreu von Pferden. Sie sind hochsaugf\u00e4hig, verk\u00fcrzen drastisch die Ausmistzeit, reduzieren den Verbrauch von Bettw\u00e4sche und sind leicht zu lagern und z transportieren.<\/p>\n<p><strong>Lagerung von Holzpellets 6mm<\/strong>:<br \/>\nF\u00fcr eine optimale Lebensdauer sollten Holzpellets im Innenbereich gelagert werden. An feuchten Orten ist m\u00f6glicherweise ein Luftentfeuchter erforderlich. Bei sachgem\u00e4\u00dfer Lagerung sind Pellets \u00fcber zwei Jahre haltbar, idealerweise jedoch innerhalb von sechs Monaten. Bei Europe Pellets k\u00f6nnen wir Pellets aufgrund unserer hohen Umschlagsh\u00e4ufigkeit im Freien lagern, sodass keine Tonne Pellets l\u00e4nger als ein oder zwei Monate im Freien bleibt.<\/p>\n<p>Wasser zerst\u00f6rt Holzpellets. Holzpelletsbeutel sind nicht wasserdicht. Jeder Beutel enth\u00e4lt kleine Haarl\u00f6cher, damit die Pellets atmen k\u00f6nnen. Besondere Vorsicht ist geboten, um eine Wasseraufnahme zu vermeiden.<\/p>\n<p>Holzpellets A1 von der Palette werden mit einem UV-best\u00e4ndigen Beutel \/ einer UV-best\u00e4ndigen Haube geliefert, die bis zu 12 Monate haltbar ist. Entfernen Sie den Beutel \/ die Haube erst, wenn die Pellets verwendet werden.<\/p>\n<p>Die Annahme der Annahme und Lagerung von Rohstoffen:<\/p>\n<p>Das Produkt wird auf dem Werksgel\u00e4nde durchgef\u00fchrt.<\/p>\n<p>Die Rohstoffabnahmestelle besteht aus Betonplatten.<\/p>\n<p>Zu der Baustelle kommt eine Eisenbahnzuf\u00fchrung, die f\u00fcr die Lieferung von Rohstoffen verwendet werden kann. Zugangswege f\u00fcr LKWs sind ebenfalls verf\u00fcgbar.<\/p>\n<p>Der Rohstofflagerort besteht aus Lagerbereich und Bereich der unmittelbaren Rohstoffversorgung der Verarbeitung.<\/p>\n<p>Das Entladen des Transports erfolgt durch einen Holzlader auf der Basis des Baggers LIEBHERR A 924 \u0412.<\/p>\n<p>Das Entladen erfolgt in Lagerbereiche oder direkt in den Arbeitsbereich der Holzversorgung zur Verarbeitung.<\/p>\n<p>Die Abnahme der Holzqualit\u00e4t und -quantit\u00e4t erfolgt vor Ort zusammen mit der radiologischen Kontrolle.<\/p>\n<p>Pelletbrennstoffe (oder Pellets) sind Biokraftstoffe aus komprimierter organischer Substanz oder Biomasse. Pellets k\u00f6nnen aus einer von f\u00fcnf allgemeinen Kategorien von Biomasse hergestellt werden: Industrieabf\u00e4lle und Nebenprodukte, Lebensmittelabf\u00e4lle, landwirtschaftliche R\u00fcckst\u00e4nde, Energiepflanzen und jungfr\u00e4uliches Holz.<\/p>\n<p>Holzpellets sind die gebr\u00e4uchlichste Art von Pelletbrennstoff und werden im Allgemeinen aus verdichtetem S\u00e4gemehl und verwandten Industrieabf\u00e4llen aus dem Mahlen von Holz, der Herstellung von Holzprodukten und M\u00f6beln sowie dem Bau hergestellt. Andere Industrieabfallquellen sind leere Fruchtb\u00fcschel, Palmkernschalen, Kokosnussschalen sowie Baumkronen und \u00c4ste, die w\u00e4hrend des Holzeinschlags weggeworfen werden. Sogenannte \u201cSchwarzpellets\u201d werden aus Biomasse hergestellt, \u00e4hnlich wie Steinkohle raffiniert und f\u00fcr den Einsatz in bestehenden Kohlekraftwerken entwickelt.<\/p>\n<p>Pellets werden nach Heizwert, Feuchtigkeits- und Aschegehalt sowie Abmessungen kategorisiert. Sie k\u00f6nnen als Brennstoffe f\u00fcr die Stromerzeugung, die gewerbliche oder private Heizung und das Kochen verwendet werden. Pellets sind extrem dicht und k\u00f6nnen mit einem geringen Feuchtigkeitsgehalt (unter 10%) hergestellt werden, wodurch sie mit einer sehr hohen Verbrennungseffizienz verbrannt werden k\u00f6nnen.<\/p>\n<p>Alle europ\u00e4ischen Heizger\u00e4te werden mit technischen Datenbl\u00e4ttern geliefert, in denen die Biokraftstoffparameter angegeben sind, um die h\u00f6chstm\u00f6gliche Effizienz und den effizientesten Betrieb zu erzielen. Es gibt oft F\u00e4lle, in denen die Ursache f\u00fcr den Ausfall von Pelletkesseln der Lieferant von Pelletbrennstoff schlechter Qualit\u00e4t war. Deshalb achten die Verbraucher besonders auf die Qualit\u00e4t der Holzpellets.<\/p>\n<p>Das Unternehmen wendet umweltfreundliche Rohstoffe f\u00fcr die Pelletproduktion an, die im Rahmen von Vertr\u00e4gen mit der staatlichen Forstwirtschaft der Ukraine geliefert werden. Dies gibt uns die M\u00f6glichkeit, nicht nur die Stabilit\u00e4t der Qualit\u00e4tsindikatoren zu gew\u00e4hrleisten, sondern auch die Stabilit\u00e4t der gelieferten Produktmengen zu gew\u00e4hrleisten. Diese Art der Zusammenarbeit bestimmt die bedingungslose Erf\u00fcllung unserer Verpflichtungen gegen\u00fcber Gegenparteien.<\/p>\n<p>Jede freigegebene Charge unserer Holzpellets entspricht speziell entwickelten und zugelassenen technischen Bedingungen, die unsere Pellets sowohl auf dem Inlands- als auch auf dem Auslandsmarkt wettbewerbsf\u00e4hig machen. Der Aschegehalt unserer Pellets liegt innerhalb von 1%, so dass man sie zum Heizen von Privath\u00e4usern verwenden kann.<\/p>\n<p>Durchmesser 6 mm;<br \/>\nAschegehalt bis zu 1%;<br \/>\nLuftfeuchtigkeit bis zu 9%;<br \/>\nSch\u00fcttdichte 630 kg \/ m3;<br \/>\nAbrieb \u2013 bis zu 3%;<br \/>\nHeizgehalt: 4600 kcal \/ kg.<br \/>\nProduktionstechniken:<\/p>\n<p>Der Rohstoff gelangt in den Brecher, der auf den Zustand Mehl reduziert wird. Die entstehende Masse wird von dort in den Trockner eingespeist \u2013 in einer Pelletpresse, in der ein komprimiertes Holzmehl pelletiert. Die Kompression w\u00e4hrend des Pressens erh\u00f6ht die Temperatur des Materials, Lignin, das in Holzpartikeln enthalten ist, erweicht und haftet in einem dichten Zylinder zusammen. F\u00fcr die Herstellung einer Tonne Pellets werden etwa 2,3 bis 2,6 Kubikmeter Altholz ben\u00f6tigt, und pro Tonne Produktion werden 0,6 Kubikmeter S\u00e4gemehl verbrannt.<\/p>\n<p>Die endg\u00fcltigen Pellets werden gek\u00fchlt, in verschiedenen Verpackungen verpackt \u2013 von kleinen 15-kg-Verpackungen bis zu Big-Bags (gro\u00dfe Industrieverpackungen) mit einem Gewicht von 1,1 Tonnen \u2013 oder in loser Sch\u00fcttung an den Verbraucher geliefert. Ein Pelletofen ist ein Ofen, der komprimiertes Holz oder Biomassepellets verbrennt, um eine W\u00e4rmequelle f\u00fcr Wohn- und manchmal Industrier\u00e4ume zu erzeugen. Durch die stetige Zufuhr von Kraftstoff aus einem Vorratsbeh\u00e4lter (Trichter) in einen Brenntopfbereich wird eine konstante Flamme erzeugt, die nur geringe bis keine physischen Anpassungen erfordert.<\/p>\n<p>Der Wirkungsgrad eines Pelletofens kann bis zu 90% oder mehr betragen. Dies ist mehr als ein klassischer Holzofen mit einem Wirkungsgrad von nur 40 bis 50% (60 bis 80% f\u00fcr neuere Hochleistungs\u00f6fen) und viel mehr als ein offenes Feuer mit einem Wirkungsgrad von 5 bis 15 %.<\/p>\n<p>Pellet\u00f6fen k\u00f6nnen nur Holzpellets (wie Jodi erw\u00e4hnt) oder Biokraftstoffe wie getrockneten Mais (je nach Modell) verbrennen. Es w\u00e4re nicht ratsam, Holzst\u00e4mme oder St\u00f6cke in einem Pelletofen zu verbrennen, da ein Pelletofen tats\u00e4chlich funktioniert.<\/p>\n","protected":false},"excerpt":{"rendered":"<p>Die endg\u00fcltigen Pellets werden gek\u00fchlt, in verschiedenen Verpackungen verpackt \u2013 von kleinen 15-kg-Verpackungen bis zu Big-Bags (gro\u00dfe Industrieverpackungen) mit einem Gewicht von 1,1 Tonnen \u2013 oder in loser Sch\u00fcttung an den Verbraucher geliefert.<\/p>\n","protected":false},"featured_media":49,"comment_status":"open","ping_status":"closed","template":"","meta":{"_et_pb_use_builder":"","_et_pb_old_content":"","_et_gb_content_width":""},"product_brand":[],"product_cat":[21],"product_tag":[],"class_list":{"0":"post-48","1":"product","2":"type-product","3":"status-publish","4":"has-post-thumbnail","6":"product_cat-wood-pellets","8":"first","9":"instock","10":"shipping-taxable","11":"product-type-simple"},"_links":{"self":[{"href":"https:\/\/greenheatscinawaspolka.com\/index.php\/wp-json\/wp\/v2\/product\/48","targetHints":{"allow":["GET"]}}],"collection":[{"href":"https:\/\/greenheatscinawaspolka.com\/index.php\/wp-json\/wp\/v2\/product"}],"about":[{"href":"https:\/\/greenheatscinawaspolka.com\/index.php\/wp-json\/wp\/v2\/types\/product"}],"replies":[{"embeddable":true,"href":"https:\/\/greenheatscinawaspolka.com\/index.php\/wp-json\/wp\/v2\/comments?post=48"}],"wp:featuredmedia":[{"embeddable":true,"href":"https:\/\/greenheatscinawaspolka.com\/index.php\/wp-json\/wp\/v2\/media\/49"}],"wp:attachment":[{"href":"https:\/\/greenheatscinawaspolka.com\/index.php\/wp-json\/wp\/v2\/media?parent=48"}],"wp:term":[{"taxonomy":"product_brand","embeddable":true,"href":"https:\/\/greenheatscinawaspolka.com\/index.php\/wp-json\/wp\/v2\/product_brand?post=48"},{"taxonomy":"product_cat","embeddable":true,"href":"https:\/\/greenheatscinawaspolka.com\/index.php\/wp-json\/wp\/v2\/product_cat?post=48"},{"taxonomy":"product_tag","embeddable":true,"href":"https:\/\/greenheatscinawaspolka.com\/index.php\/wp-json\/wp\/v2\/product_tag?post=48"}],"curies":[{"name":"wp","href":"https:\/\/api.w.org\/{rel}","templated":true}]}}